= i**2 - 52*i + 121. Determine y(49).
-26
Let w(h) = -3845*h - 3789. Give w(-1).
56
Let j(t) = -5*t**2 - 83*t - 366. What is j(-9)?
-24
Let w(p) = 30*p - 1814. What is w(60)?
-14
Let g(m) = -3*m**2 - 38*m - 68. Give g(-17).
-289
Let r(d) = -4*d**2 + 7*d + 73. Calculate r(6).
-29
Let k(p) = 10*p - 58. What is k(-20)?
-258
Let u(m) = -12*m**2 - 469*m - 53. Determine u(-39).
-14
Let o(i) = 2*i**3 - 6*i**2 - i - 35. Calculate o(7).
350
Let b(g) = 135*g - 267. Give b(3).
138
Let j(n) = 3*n**2 + 19*n - 117. Calculate j(5).
53
Let c(p) = 2*p**2 + 80*p - 68. Give c(-43).
190
Let d(v) = -158*v + 447. What is d(4)?
-185
Let d(g) = -14*g**3 + 29*g**2 + 12*g - 23. Calculate d(2).
5
Let p(m) = -29*m**2 - 23*m. What is p(-3)?
-192
Let r(l) = -l**3 + 20*l**2 + 86*l - 370. Determine r(23).
21
Let l(x) = x**2 + 22*x + 178. Give l(-29).
381
Let b(r) = 2*r**2 - 499*r - 2987. Calculate b(-6).
79
Let d(a) = -2*a**2 - 18*a + 14. Calculate d(-6).
50
Let y(t) = t**3 - 94*t**2 - 2553*t - 17. Give y(-22).
5
Let m(p) = 7*p**2 - 255*p + 1006. What is m(4)?
98
Let s(p) = 806*p + 625. Calculate s(-1).
-181
Let x(u) = -405*u - 94351. Determine x(-233).
14
Let x(b) = b**2 + 36*b - 56. What is x(-36)?
-56
Let y(s) = -15*s**2 + 152*s + 44. Determine y(10).
64
Let f(b) = 34*b**2 + 239*b + 26. What is f(-6)?
-184
Let r(c) = -2*c**3 - 2*c**2 - 4*c + 11. What is r(-5)?
231
Let j(m) = -9*m**2 - 903*m - 297. Give j(-100).
3
Let u(h) = -338*h + 3380. Determine u(10).
0
Let z(g) = -g**3 - 3*g**2 + 23*g + 32. Calculate z(-6).
2
Let q(s) = 15926*s - 127403. Calculate q(8).
5
Let k(q) = 2*q**2 + 184*q - 25. What is k(-92)?
-25
Let u(x) = -x**3 + 24*x**2 - 148*x + 118. What is u(14)?
6
Let k(v) = 3*v**2 - 8*v - 60. Determine k(-3).
-9
Let f(x) = -51*x - 119. Give f(-4).
85
Let l(u) = 9*u + 260. Calculate l(-23).
53
Let y(p) = -171*p + 11118. Calculate y(65).
3
Let t(r) = -2*r**2 + 91*r - 45. Calculate t(45).
0
Let r(m) = 11*m + 103. Calculate r(-17).
-84
Let g(x) = 93*x**3 - x**2 - 3*x - 4. Calculate g(-1).
-95
Let g(a) = -3*a**2 + 401*a - 5650. Calculate g(16).
-2
Let u(m) = 3*m + 210. What is u(-20)?
150
Let q(y) = y**2 + 117*y + 2721. Determine q(-32).
1
Let s(w) = 13*w - 289. What is s(23)?
10
Let y(f) = -73*f - 297. Calculate y(-4).
-5
Let v(j) = 309*j + 48831. Determine v(-158).
9
Let n(p) = -23*p**3 + p**2 - 4*p + 14. What is n(2)?
-174
Let c(a) = a**3 - 4*a**2 - 10*a + 29. Give c(4).
-11
Let z(p) = -51*p - 2360. Calculate z(-47).
37
Let u(o) = -2*o**3 - 65*o**2 - 19*o + 197. Calculate u(-32).
-219
Let d(z) = -1790*z - 14333. What is d(-8)?
-13
Let t(b) = -16*b + 790. Determine t(49).
6
Let s(g) = g**2 + 28*g + 102. Determine s(-16).
-90
Let z(y) = 1031*y - 1036. Determine z(1).
-5
Let v(y) = -17*y**2 + 46*y - 247. What is v(6)?
-583
Let a(s) = s**3 + 9*s**2 + 20*s + 66. Calculate a(-7).
24
Let t(j) = -j**3 - 25*j**2 - 39*j + 594. Give t(-22).
0
Let d(u) = -2*u**2 + 81*u - 325. Determine d(36).
-1
Let z(c) = -151*c**2 + 4*c + 1. Give z(-1).
-154
Let p(b) = -b**2 + 34*b + 222. What is p(40)?
-18
Let n(y) = 27*y + 37. Calculate n(-3).
-44
Let w(r) = 214*r - 1125. Determine w(6).
159
Let p(s) = s**3 + 5*s**2 - 17*s + 162. What is p(-9)?
-9
Let b(p) = -30*p + 2080. Calculate b(68).
40
Let d(q) = -2*q**2 - 63*q + 3071. What is d(-58)?
-3
Let p(j) = 2462*j - 4917. Calculate p(2).
7
Let b(w) = -91*w + 30. What is b(-2)?
212
Let t(c) = -c**3 + 6*c**2 - 24*c + 221. What is t(7)?
4
Let a(c) = 6*c - 521. Calculate a(87).
1
Let k(c) = -c**3 + 6*c**2 + 33*c - 22. Give k(9).
32
Let t(o) = -25*o + 152. What is t(6)?
2
Let a(x) = -60*x**2 - 419*x - 9. Determine a(-7).
-16
Let i(a) = -a**3 + 3*a**2 - 2*a - 64. Give i(0).
-64
Let q(j) = -2*j**3 + 91*j**2 + 26*j + 928. Determine q(46).
8
Let d(j) = j**2 + 72*j - 1069. Calculate d(-88).
339
Let x(f) = 2*f**3 - 13*f + 25. Determine x(0).
25
Let j(z) = z**3 - 7*z**2 - 34*z + 231. Calculate j(7).
-7
Let i(c) = -78*c**2 - 2883*c + 98. Give i(-37).
-13
Let c(a) = 169*a + 1017. Give c(-6).
3
Let y(o) = -159*o + 459. What is y(3)?
-18
Let i(x) = 3*x**2 + 22*x + 95. What is i(-9)?
140
Let v(q) = 129*q + 521. Determine v(-4).
5
Let n(r) = -r**2 - 28*r - 29. What is n(-22)?
103
Let u(f) = -f**3 - 58*f**2 - 441*f + 39. What is u(-49)?
39
Let l(g) = 3*g**2 + 19*g + 19. Calculate l(-6).
13
Let i(t) = 4*t + 108. Give i(-32).
-20
Let b(h) = 2*h**2 - 4*h - 113. What is b(-7)?
13
Let s(z) = 4*z**2 - 14*z + 9. Calculate s(3).
3
Let u(x) = 2*x + 158. Give u(14).
186
Let i(d) = -d**3 - 46*d**2 - 544*d - 27790. Determine i(-47).
-13
Let g(b) = 5*b - 114. Determine g(-8).
-154
Let k(m) = -8*m**2 + 60*m - 163. What is k(5)?
-63
Let j(q) = 28*q + 171. Give j(-4).
59
Let d(u) = 72*u - 801. Determine d(12).
63
Let c(u) = 12*u + 319. Give c(-34).
-89
Let t(x) = -x**3 - 14*x**2 + x - 20. Give t(-14).
-34
Let x(p) = 2*p**3 + 5*p**2 - 5*p - 28. Determine x(-4).
-56
Let s(y) = -y**3 - 4*y**2 - 11*y - 13. Give s(-6).
125
Let r(c) = -66*c - 7397. What is r(-112)?
-5
Let p(q) = -12*q**2 + 10*q - 11. Determine p(6).
-383
Let a(j) = j**3 - 75*j**2 - 455*j + 194. Give a(-6).
8
Let w(z) = 3*z**3 - 2*z**2 - 60*z + 20. What is w(7)?
531
Let d(f) = -6*f**2 - 7*f - 171. What is d(-10)?
-701
Let x(n) = 34*n**2 - 170*n + 9. Calculate x(6).
213
Let x(z) = z**2 + 8*z - 17. Determine x(7).
88
Let l(h) = -5*h**3 + 2*h**2 - 2*h - 8. What is l(-2)?
44
Let q(l) = -1545*l - 6136. What is q(-4)?
44
Let d(b) = -245*b - 5435. Give d(-22).
-45
Let u(z) = -z**2 - 69*z - 284. Calculate u(-49).
696
Let c(u) = u**2 - 62*u - 24596. Give c(-129).
43
Let q(l) = 98*l + 78. What is q(2)?
274
Let x(r) = -72*r + 71. Calculate x(1).
-1
Let l(p) = -p**3 + 24*p**2 - 556*p + 2684. Calculate l(6).
-4
Let a(k) = -2*k**2 + 60*k - 196. What is a(15)?
254
Let l(x) = x**2 - 25*x - 170. What is l(-8)?
94
Let v(b) = b**2 - 50*b + 194. Calculate v(47).
53
Let u(d) = d**2 - 5*d - 77. What is u(-7)?
7
Let p(h) = -2*h**2 + 102*h - 553. Give p(45).
-13
Let m(c) = 7*c - 57. Determine m(12).
27
Let g(q) = 2*q**2 - 19*q - 3. Calculate g(7).
-38
Let z(j) = j**2 + 369*j + 106. Determine z(0).
106
Let x(m) = 12*m**3 + 3*m**2 + 9*m + 15. Calculate x(-3).
-309
Let v(f) = f**3 - f**2 - 11*f - 16. Calculate v(5).
29
Let p(y) = 31*y - 738. Give p(20).
-118
Let w(x) = -x**3 - 24*x**2 + 87*x + 11. Determine w(4).
-89
Let k(v) = 3*v**3 + 302*v**2 + 213*v + 1255. Determine k(-100).
-45
Let t(f) = 84*f + 815. Calculate t(-10).
-25
Let u(b) = 22*b**2 - 396*b - 791. Calculate u(-2).
89
Let h(x) = -194*x**3 - 2*x**2 - 5*x + 6. Give h(1).
-195
Let k(s) = -66*s + 1502. Determine k(23).
-16
Let d(x) = -2*x**3 + 77*x**2 + 33*x + 237. Determine d(39).
3
Let c(s) = s**2 - 5*s - 27. What is c(-7)?
57
Let g(m) = 32*m - 17. Give g(3).
79
Let c(u) = 4*u**2 - 10*u - 87. Determine c(-8).
249
Let b(c) = -c**3 + 58*c**2 + 209*c - 5338. Calculate b(60).
2
Let r(v) = 9*v**3 + 27*v**2 + 94*v + 9. Determine r(-3).
-273
Let n(j) = j**2 - 6*j - 477. Calculate n(24).
-45
Let m(i) = 10*i - 416. Calculate m(36).
-56
Let y(v) = 87*v - 45. Give y(-2).
-219
Let v(l) = l**3 - 9*l**2 + 18*l - 12. Calculate v(2).
-4
Let u(c) = 3*c**3 - 55*c**2 - 35*c - 33. Give u(19).
24
Let h(s) = -s**3 - 201*s**2 - 3777*s + 68. Calculate h(-21).
5
Let l(v) = -v**3 - 33*v**2 + 85*v + 34. Give l(-35).
-491
Let d(u) = -3*u**3 - 69*u**2 + 5*u + 46. Determine d(-23).
-69
Let y(o) = -49*o - 6. Give y(-2).
92
Let l(a) = -a**2 - 34*a + 1. Determine l(-4).
121
Let w(r) = -2*r**2 - 177*r - 518. Determine w(-3).
-5
Let w(t) = -48*t + 254. Determine w(3).
110
Let s(l) = 2*l**3 + 9*l**2 - 17*l - 3. What is s(-6)?
-9
Let m(x) = 23*x**2 + 192*x - 132. Calculate m(-9).
3
Let z(o) = 188*o + 1312. Calculate z(-7).
-4
Let y(t) = 2*t**3 + 33*t**2 - 4*t + 227. Determine y(-17).
6
Let c(r) = r**3 - 48*r**2 + 92*r - 30. Calculate c(46).
-30
Let l(c) = -12*c**2 - 16*c + 5. Give l(-5).
-215
Let h(z) = 40*z - 410. Give h(8).
-90
Let a(k) = k**3 - 104*k**2 + 7*k - 727. What is a(104)?
1
Let n(b) = -26*b + 290. Calculate n(6).
134
Let s(g) = -6*g**2 + 34*g - 137. Calculate s(7).
-193
Let w(d) = -35*d + 890. Calculate w(26).
-20
Let t(a) = 10*a**2 + 28*a + 22. Calculate t(-3).
28
Let k(j) = 1689*j + 13517. Calculate k(-8).
5
Let a(w) = -3*w**2 + 47*w + 105. Determine a(17).
37
Let x(q) = 26*q**3 + 7*q**2 - 11*q + 3. De